-5).
23
Let h = 5 - 0. Let o(f) = -f**3 + 5*f**2 - 2*f + 4. Determine o(h).
-6
Let f(j) = 2*j**2 + 4*j + 3. Let s = -29 - -26. Determine f(s).
9
Let x(i) be the second derivative of i**5/20 + 7*i**4/12 + 2*i**3/3 - 3*i**2 + 37*i. What is x(-6)?
6
Let i(j) be the second derivative of -j**3/6 - 2*j**2 - j. Let r be i(-6). Let t(x) = 0*x**2 - 6*x - 2*x**2 + 4*x**2 + r. Determine t(4).
10
Suppose -15 = -5*a + 5*y, -6*a + 2*a + 20 = 4*y. Let b(h) = h**2 - 4*h + 2. Give b(a).
2
Let q(i) = -i**2 + i. Let a(h) = -6*h**2 + 4*h. Let l(w) = -a(w) + 5*q(w). Give l(1).
2
Let j(s) = s - 3. Let k be j(5). Let u(n) = -n**2 - n**2 + 1 - k*n**2 + 3*n**2. Calculate u(2).
-3
Let v(l) = -l - 8*l - 5*l**2 - 6*l**2 + 2 + 10*l**2. Calculate v(-9).
2
Let x = 8 + -1. Let y = -12 + x. Let k(c) = c + 2. Determine k(y).
-3
Suppose 0 = 2*m - 2*d + 12, 5*d = -4*m + 2 + 10. Let i(o) be the third derivative of -o**6/120 - o**5/30 + o**4/12 + o**3/2 - 2*o**2. What is i(m)?
-1
Suppose -3*i + 1 = 5*t, -5*i + 2*t = -0*t - 43. Let m(o) = 5 + 5*o**2 - 5*o**2 - 7*o + i*o**2 - o**3. Determine m(6).
-1
Let h(c) = c + 1. Let b(j) = 2*j + 1. Let m(a) = -3*b(a) + 7*h(a). Calculate m(-8).
-4
Let w(c) = -c**3 + 4*c**2 + 6*c - 2. Suppose 2*j + 5*x - 11 = 0, -3*j - 2*x = -32 + 10. Let v be j/(-28) + (-37)/(-7). Give w(v).
3
Let o(c) be the first derivative of -c**2 - 9*c + 4. What is o(-6)?
3
Let o(i) = -3*i**3 - i**2 - i. Let c(r) = r**3 + 1. Let p(x) = -c(x) - o(x). Suppose -8 - 2 = -5*u. Suppose 0 = u*t - 4*t + 2. What is p(t)?
3
Suppose 0 = -3*d + 5*h - 1, 5*h - 3 = 6*d - 2*d. Let b(q) be the first derivative of q**2/2 + 4*q + 7. Determine b(d).
2
Let j = 8 - 3. Suppose 4*x + 1 = 4*v + 5, -j = 4*v - 3*x. Let n = v - -1. Let a(z) = -10*z**3 + z**2 - z - 1. What is a(n)?
11
Let f(x) = x**3 - 4*x**2 - 3*x - 3. Let q = -143 - -148. Calculate f(q).
7
Let c(p) = -5*p - 1. Let i(h) = -h**2 + 3*h + 2. Let k be i(-1). Give c(k).
9
Let d be ((-4)/2)/(2/4). Let z(o) = o - 3. Determine z(d).
-7
Let l(u) = 3*u**2 - u + 3. Let c(i) = i**2 + i + 1. Let z(d) = 4*c(d) - l(d). Let k(h) be the first derivative of z(h). Calculate k(-5).
-5
Let u be (-6)/(-14) - 12/(-21). Suppose -f = 5*a - 19, 2*f - 2*a - a + u = 0. Let t(o) = o - 2. Let j(s) = 1. Let r(m) = -6*j(m) + t(m). Determine r(f).
-4
Let o(p) = -2*p**2 + 2*p - 2. Let k(l) = l**2 - l + 1. Let s(n) = -3*k(n) - 2*o(n). Let q = -1 + 0. Let t be q/(2*2/(-12)). What is s(t)?
7
Suppose 3*z - 2*y + 3*y - 10 = 0, 5*z = 2*y + 13. Let b = 5 - z. Let n(f) = 2*f**3 - 3*f**2 + 4*f - 2. Give n(b).
10
Let f(k) = k - 2. Let u(c) = -2*c + 11. Let q(i) = 4*f(i) + u(i). Let s be ((-1)/2)/(3/30). Let z = s - -1. Calculate q(z).
-5
Let u(k) = 2*k - 2*k**3 + 0*k + 28*k**2 - 5*k - 32*k**2. What is u(-2)?
6
Let o(y) = 3*y + 8. Let j be o(-4). Let i(l) = l**2 + 3*l - 4. Give i(j).
0
Let n(m) = -m + 4. Let r be -8*(11/6 + 44/(-33)). Calculate n(r).
8
Let t(l) be the first derivative of -l**4/24 + 2*l**2 - 2. Let c(k) be the second derivative of t(k). What is c(2)?
-2
Let n(z) = -3*z**3 + 3*z**2 - 12*z - 3. Let t(w) = 4*w**3 - 5*w**2 + 18*w + 5. Let i be (-8 - -5)*(-5)/(-3). Let g(q) = i*t(q) - 7*n(q). Determine g(-5).
1
Let c(j) = -1. Let t(f) = 4*f - 2. Let w(s) = 2*c(s) + t(s). Calculate w(-3).
-16
Suppose 0*q = q + 4. Let f(h) = 2*h**2 + 5*h + 4. Determine f(q).
16
Let n = -8 - -16. Suppose -3*d - 2 + n = 0. Let h(g) = 3 - d*g + 4*g - 6. Determine h(-3).
-9
Let f(u) = -u**2 + 2*u + 6. Let h = 10 - 10. Let x be f(h). Let r(v) be the first derivative of v**4/4 - 7*v**3/3 + 2*v**2 + 7*v - 1. Calculate r(x).
-5
Let c = 8 - 4. Let l(s) be the second derivative of -1/2*s**3 + 1/12*s**4 + 0 + 5/2*s**2 + 6*s. What is l(c)?
9
Let x(c) = -3*c - 3. Let n(y) = y**3 + 5*y**2 - 3. Let p be n(-5). Determine x(p).
6
Suppose 3 - 5 = -z. Let j(q) = 3*q**3 - 4*q - 2. Let i(c) = 3*c**3 + c**3 - 1 + c**2 - 1 - 5*c. Let d(l) = z*i(l) - 3*j(l). What is d(3)?
-1
Let o = -1 + 3. Suppose 5*s - j + 16 = 0, -o*s + 7*s + 36 = -4*j. Let b = -8 - s. Let w(t) = -t**2 - 4*t + 1. What is w(b)?
1
Suppose -3*d - 21 = -3*l, -8 + 31 = l - 5*d. Let z(w) be the first derivative of -w**4/4 + 2*w**3/3 + 3*w**2/2 - 1. Determine z(l).
0
Let d(c) = -c**2 + 4*c. Let q(m) = m**3 - 3*m**2 - 2*m - 5. Let h be -4*12/(-8) + -2. Let z be q(h). Calculate d(z).
3
Suppose 4*z - 33 + 13 = 0. Suppose 1 = z*b + 6. Let u(x) = -3*x + 1. Give u(b).
4
Let f be (6/(-4))/(6*(-10)/(-80)). Let t(u) = -2*u**2 + u**3 + 2 + 2*u**2 + 2*u. Give t(f).
-10
Let p(z) be the second derivative of -z**4/12 + z**3/3 - 2*z - 2. Give p(3).
-3
Let d(f) = -f**2 - 3*f - 2. Suppose 20 = 14*m - 19*m. Give d(m).
-6
Suppose -7*j + 2*j - 10 = 0. Let n(m) = -8*m + 2. What is n(j)?
18
Let p be (-2)/((-4)/(8/(-1))). Let v(s) = -2*s - 1. Determine v(p).
7
Let a be (-4)/30 - (-34)/30. Let j(f) = a + 2*f**2 - f**3 - 4*f**2 - f**3. Give j(-1).
1
Let h(j) be the second derivative of -1/20*j**5 + 2*j + 0 - 3/2*j**2 + 1/2*j**3 + 1/3*j**4. What is h(4)?
9
Let k(h) = 6*h - h + 0*h - 4 - 4*h. What is k(0)?
-4
Let f(a) = -a**3 + 5*a**2 - 6*a. Let b = 0 + 2. Let y(m) = m**3 - 2*m. Let q be y(b). Determine f(q).
-8
Suppose 0 = 2*i - 0*i. Suppose i*o + 5 = -o. Let u(x) = x**2 + 6*x + 6. Calculate u(o).
1
Let o(g) = 4*g**2 - g**3 - 19 - 3*g - 5*g**2 + 20 + 2*g. Suppose 3*h - 10 = 2. Let p(z) = -z + 4. Let r be p(h). What is o(r)?
1
Let g(i) = 23708 - 6*i - 23708. Let s(u) = u**2 + 6*u + 2. Let t be s(-6). Calculate g(t).
-12
Let r(w) = 2*w**2 - 4*w - 1. Suppose 3*f - 7 = 5. Give r(f).
15
Let m be 4/2 + -3 - 4/(-2). Let v(o) be the first derivative of -1/3*o**3 + m + 3/2*o**2 + 3*o. Determine v(5).
-7
Let d(r) = -r**3 - 7*r**2 - r - 5. Let h be d(-7). Suppose 3*i - 1 = h. Let a(l) = -5 + 5 - 7*l**2. Calculate a(i).
-7
Let h(z) = 2*z + 3 - 6*z - 5 + 0. Give h(-2).
6
Let j = 61 + -54. Let b(u) = -u + 6. Calculate b(j).
-1
Let r be 15/(-2)*4/(-6). Let u(d) = d**3 - 6*d**2 + 5*d + 2. Let n be u(r). Let c(i) = i**3 - 3*i**2 + 2*i + 1. Give c(n).
1
Let g(x) = 2*x + 6. Let p(d) = d**2 - 7*d + 6. Let j be p(4). What is g(j)?
-6
Let h(a) = -a**3 + 13*a**2 + 16*a - 21. Let d be h(14). Let r(n) = -n**2 + 6*n + 9. What is r(d)?
2
Let f(c) be the first derivative of 4/3*c**3 - 1/4*c**4 + 2 + 5*c - c**2. What is f(4)?
-3
Let i(j) = j**2 - 9*j + 20. Let g be i(8). Suppose -7*p + 4*p = g. Let a(w) = w**3 + 3*w**2 - 2*w + 4. Give a(p).
-4
Let b(o) = -846 + 846 + 6*o. What is b(-1)?
-6
Let x(j) be the first derivative of 3*j**2/2 + j + 3. Give x(-1).
-2
Let v(h) be the third derivative of -h**5/120 - h**4/6 - h**3/2 - 2*h**2. Let l(c) be the first derivative of v(c). Calculate l(0).
-4
Let z(m) = m + 6. Let l = 9 - 15. Calculate z(l).
0
Let o be 40/6 - (-4)/(-6). Suppose -t = -m + o, -m + 15 = -4*t - 3. Let c(y) = 2*y**3 - 3*y**2 + 2*y + 2. Determine c(m).
10
Let y(v) = -1. Let k(h) = 3*h - 7. Let i(n) = -k(n) + 2*y(n). Let t = -9 + 0. Let z be ((-24)/9)/(6/t). What is i(z)?
-7
Let w(g) be the second derivative of -5*g**3/3 + 11*g. Suppose 0 = -5*o + 2*p + 13, 0*o + p = 4*o - 8. Calculate w(o).
-10
Let t(i) = -3*i**2 - 3*i - 1. Let p be t(-2). Let m(v) = -v + 2. Give m(p).
9
Let t(k) = k**3 + 8*k**2 + 15*k + 14. Let v be t(-6). Let c(d) = -4*d - 2. Let i(l) = -l. Let n(r) = -c(r) + 6*i(r). Give n(v).
10
Let k(h) = -3 - 2*h**2 + h**3 + 5*h + 2 - 8*h. What is k(-2)?
-11
Let p(l) = l**3 - 2*l**2 - l + 2 + 2 + 3*l**2. What is p(0)?
4
Let s(r) be the first derivative of r**4/4 + 5*r**3/3 - 7*r**2/2 - 3*r - 17. Determine s(-6).
3
Let z be ((-2)/(-12)*-4)/((-3)/27). Let c(j) = -j + 2. Let m be c(1). Let q(t) = t - m + 0 - 2. Determine q(z).
3
Let h(q) = q**2 - q - 1. Suppose -3*c = 15 - 3. Let r(z) = z + 7. Let p be r(c). Calculate h(p).
5
Let u(t) = -4*t + 4. Let f(w) = -w + 1. Let z(g) = -g + 1. Let y(o) = 6*f(o) - 3*z(o). Suppose -2*a + 7 = -3. Let b(v) = a*u(v) - 6*y(v). Determine b(-2).
6
Let y(a) = -6*a - a + 8 + a**2 + 0 + 0*a**2. Let n be y(6). Let b be 0/((-2)/n*-2). Let v(q) = q**3 + q**2 + 9. Give v(b).
9
Suppose -3*r = -4*r. Let l be 0 - (6/1 + r). Let a(o) = o + 3. Give a(l).
-3
Let p(m) be the first derivative of m**2/2 + m + 1. Let a(z) = 4*z + 9. Let r(i) = a(i) - 3*p(i). Calculate r(0).
6
Let q(g) = -4*g - 2. Let k(p) = -3*p + 0 + 12*p + 3. Suppose 5*a - 15 = 4*x, -3*a - 2*x + 9 =